65 a composite number?
True
Is 11801 composite?
False
Is 109 a prime number?
True
Is 13043 composite?
False
Is 1385 composite?
True
Is 474607 a prime number?
False
Is 87071 prime?
True
Is 21377 a composite number?
False
Is 99839 a prime number?
True
Is 326047 composite?
True
Is 14123 prime?
False
Is 193937 a composite number?
False
Is 231497 prime?
False
Is 196133 a prime number?
False
Is 14951 a composite number?
False
Is 24439 a composite number?
False
Is 1079629 a prime number?
True
Is 17059 composite?
True
Is 56159 a prime number?
False
Is 887 composite?
False
Is 166555 a composite number?
True
Is 2474 a prime number?
False
Is 288901 a prime number?
False
Is 247829 a prime number?
True
Is 982823 a composite number?
True
Is 61309 prime?
False
Is 175803 prime?
False
Is 11027 a prime number?
True
Is 9757 composite?
True
Is 4703 composite?
False
Is 11269 composite?
True
Is 283541 prime?
True
Is 29557 a prime number?
False
Is 9505 a composite number?
True
Is 436615 a composite number?
True
Is 58711 prime?
True
Is 373571 composite?
True
Is 47651 prime?
False
Is 9221 composite?
False
Is 16493 composite?
False
Is 86441 composite?
False
Is 85109 composite?
False
Is 4547 prime?
True
Is 180907 a prime number?
True
Is 67205 composite?
True
Is 215011 a prime number?
False
Is 597043 prime?
False
Is 5639 prime?
True
Is 118403 a prime number?
False
Is 32245 a prime number?
False
Is 497558 a prime number?
False
Is 541 a composite number?
False
Is 101677 a prime number?
False
Is 3409 a composite number?
True
Is 54601 prime?
True
Is 1112951 composite?
True
Is 73501 a prime number?
False
Is 19031 prime?
True
Is 736985 a prime number?
False
Is 61379 prime?
True
Is 1412813 a prime number?
True
Is 20555 prime?
False
Is 204641 prime?
True
Is 325921 composite?
False
Is 2168237 prime?
False
Is 403171 a prime number?
False
Is 754237 prime?
False
Is 10882 composite?
True
Is 153551 composite?
True
Is 5418457 composite?
True
Is 114967 a prime number?
True
Is 1598941 a composite number?
False
Is 216319 prime?
True
Is 12077 a prime number?
False
Is 26371 a composite number?
False
Is 489 composite?
True
Is 42243 composite?
True
Is 9573 a prime number?
False
Is 307 composite?
False
Is 2787 composite?
True
Is 22663 composite?
True
Is 37217 a prime number?
True
Is 25253 composite?
False
Is 129553 composite?
False
Is 4861667 a composite number?
False
Is 41677 a composite number?
True
Is 10079 composite?
False
Is 442061 composite?
False
Is 400123 prime?
True
Is 2399521 a composite number?
True
Is 236053 a composite number?
False
Is 1901 a prime number?
True
Is 6197 prime?
True
Is 750637 composite?
True
Is 4073 a composite number?
False
Is 17007 prime?
False
Is 89113 prime?
True
Is 21941 a composite number?
True
Is 81877 a prime number?
False
Is 1343371 a prime number?
False
Is 22501 a composite number?
False
Is 4391 a composite number?
False
Is 91771 prime?
True
Is 30727 prime?
True
Is 28873 composite?
True
Is 281833 a prime number?
True
Is 306287 prime?
False
Is 6607 prime?
True
Is 64679 a prime number?
True
Is 88211 a composite number?
False
Is 72797 prime?
True
Is 1008703 a composite number?
True
Is 586829 a composite number?
True
Is 542645 composite?
True
Is 161471 a composite number?
False
Is 1573343 prime?
False
Is 42101 prime?
True
Is 468719 a prime number?
True
Is 7829 prime?
True
Is 27509 a prime number?
True
Is 15727 composite?
False
Is 5791 prime?
True
Is 109859 a prime number?
True
Is 12735655 a prime number?
False
Is 12839 a prime number?
False
Is 8471 composite?
True
Is 101323 prime?
True
Is 682141 a prime number?
True
Is 641 a prime number?
True
Is 30601 composite?
True
Is 57823 composite?
True
Is 55247 a composite number?
True
Is 52729 prime?
False
Is 62773 composite?
False
Is 1115 a composite number?
True
Is 21089 composite?
False
Is 2843 a prime number?
True
Is 22917 a composite number?
True
Is 40673 prime?
False
Is 2653 a composite number?
True
Is 614 prime?
False
Is 4691 prime?
True
Is 1629623 a composite number?
False
Is 408563 prime?
True
Is 645383 a prime number?
True
Is 959 prime?
False
Is 51193 a prime number?
True
Is 1861121 composite?
False
Is 406115 composite?
True
Is 1181417 composite?
True
Is 7789 a prime number?
True
Is 3047 prime?
False
Is 30335 composite?
True
Is 3205 a prime number?
False
Is 217973 a prime number?
False
Is 354661 composite?
False
Is 384017 composite?
False
Is 599866 a prime number?
False
Is 616307 a composite number?
False
Is 2643059 a composite number?
False
Is 491821 composite?
True
Is 2560431 a prime number?
False
Is 127183 composite?
True
Is 40058 prime?
False
Is 10294 a composite number?
True
Is 16495 a prime number?
False
Is 240953 a prime number?
True
Is 2554 composite?
True
Is 1471 a composite number?
False
Is 26801 composite?
False
Is 614 composite?
True
Is 47249 a composite number?
True
Is 13771 a prime number?
False
Is 36401 composite?
True
Is 761963 prime?
True
Is 195119 a composite number?
True
Is 16657 a prime number?
True
Is 110899 a prime number?
True
Is 76343 a prime number?
True
Is 113 a prime number?
True
Is 101342 composite?
True
Is 1114 a prime number?
False
Is 24593 a prime number?
True
Is 64318 prime?
False
Is 1847 a composite number?
False
Is 750899 a composite number?
True
Is 38273 composite?
False
Is 2333 a composite number?
False
Is 8443 prime?
True
Is 827258 prime?
False
Is 51307 a prime number?
True
Is 27139 a prime number?
False
Is 926077 composite?
False
Is 55069 prime?
False
Is 883 a prime number?
True
Is 46001 a prime number?
False
Is 332687 a prime number?
True
Is 2657 prime?
True
Is 1021495 a composite number?
True
Is 295255 a composite number?
True
Is 6761 composite?
False
Is 22915 prime?
False
Is 10057 a prime number?
False
Is 115421 composite?
False
Is 33457 a prime number?
True
Is 18539 a prime number?
True
Is 100447 a prime number?
True
Is 78157 a composite number?
False
Is 175919 prime?
True
Is 18959 prime?
True
Is 19463 a prime number?
True
Is 9667 a composite number?
True
Is 5327 prime?
False
Is 474403 composite?
True
Is 13751 composite?
False
Is 30983 a prime number?
True
Is 26221 a prime number?
False
Is 35797 a composite number?
False
Is 7619 a prime number?
False
Is 16717 a prime number?
False
Is 1240807 prime?
True
Is 148763 a composite number?
False
Is 7001 a composite number?
False
Is 776423 prime?
False
Is 45947 composite?
True
Is 5057 prime?
False
Is 9122 prime?
False
Is 79279 prime?
True
Is 463317 composite?
True
Is 3047669 prime?
True
Is 1901 prime?
True
Is 741721 a composite number?
False
Is 9901 prime?
True
Is 11369 prime?
True
Is 1511 a prime number?
True
Is 24991 a prime number?
False
Is 332293 composite?
True
Is 10907 a composite number?
True
Is 328983 composite?
True
Is 18671 composite?
False
Is 1204699 prime?
True
Is 219491 prime?
True
Is 7187 composite?
False
Is 373699 a prime number?
False
Is 2671 a prime number?
True
Is 11777 prime?
True
Is 84401 a composite number?
False
Is 10109 a prime number?
False
Is 1179593 a prime number?
False
Is 438793 a prime number?
True
Is 767737 prime?
False
Is 16673 a prime number?
True
Is 9458 a composite number?
True
Is 19207 composite?
False
Is 12869 a composite number?
True
Is 93037 a prime number?
False
Is 233879 prime?
True
Is 61637 composite?
False
Is 454 a prime number?
False
Is 495511 composite?
False
Is 51931 a prime number?
False
Is 14349 a prime number?
False
Is 608479 prime?
False
Is 262433 composite?
False
Is 47189 prime?
True
Is 1559 composite?
False
Is 29683 prime?
True
Is 10645 a prime number?
False
Is 38785 a prime number?
False
Is 465655 composite?
True
Is 1937 a prime number?
False
Is 47119 prime?
True
Is 212785 composite?
True
Is 3166 a prime number?
False
Is 15046 prime?
False
Is 419189 a composite number?
False
Is 542551 a composite number?
False
Is 11399 prime?
True
Is 751369 a composite number?
True
Is 26183 a composite number?
False
Is 155191 composite?
False
Is 106111 a composite number?
True
Is 12319 composite?
True
Is 613 a composite number?
False
Is 343517 composite?
False
Is 6421 a composite number?
False
Is 210927 composite?
True
Is 43487 composite?
False
Is 308303 prime?
True
Is 23315 composite?
True
Is 861007 composite?
True
Is 36493 prime?
True
Is 40739 a composite number?
False
Is 121487 prime